s of a?
2
Let b(g) = 13*g + 1. What are the prime factors of b(1)?
2, 7
Suppose -q + 0 + 1 = 0. Suppose -3*p + q = -32. Suppose p = 5*z - 44. What are the prime factors of z?
11
What are the prime factors of (204 + -1)*1 - 0?
7, 29
Let i = 12 - 17. Let w = i + 29. List the prime factors of w.
2, 3
Suppose 0 = 2*c + 5 + 15. Let x(j) = -j + 13 - 2*j + j + 3*j. What are the prime factors of x(c)?
3
Let c(d) = d**3 - 6*d**2 + 7*d - 6. What are the prime factors of c(5)?
2
Suppose -5*a - 3 = -13. Suppose a*i - 6*i - 20 = 0. Let p = 0 - i. List the prime factors of p.
5
Suppose -115 = -5*l - 30. What are the prime factors of l?
17
Suppose 0 = 5*f - 9*f + 136. List the prime factors of f.
2, 17
Let s = -1 + 3. Suppose s*v + 3*a = 67, 3*a + 66 = -5*v + 238. What are the prime factors of v?
5, 7
Suppose 0 = -4*q + q - 15, -17 = n + 5*q. Suppose n = 4*v - 0*v. Suppose -18 = -v*u - u. What are the prime factors of u?
2, 3
Suppose -d = -5*d + 4*r + 740, 2*d + 4*r - 388 = 0. What are the prime factors of d?
2, 47
Let y(a) = 9*a**3 + a**2 - a. List the prime factors of y(2).
2, 37
Suppose 8*k - 73 - 47 = 0. List the prime factors of k.
3, 5
Suppose -5*o + 270 = -445. What are the prime factors of o?
11, 13
Suppose 0 = 3*v + 5*b + 6, 3*b + 18 = 5*v + 2*b. Suppose 77 - 8 = v*w. Suppose 5 = -2*f + w. List the prime factors of f.
3
Let k(v) be the second derivative of v**4/12 + v**3/2 - v**2/2 + v. Let d be k(-4). What are the prime factors of d*(-4)/(-2) + 0?
2, 3
Let i(o) = o**3 + 3*o**2 - 5*o - 3. Let s be i(5). What are the prime factors of 3/12 + s/16?
11
What are the prime factors of ((-30)/(-25))/((-6)/(-105))?
3, 7
Suppose 5*c + 3 - 14 = 2*z, 3*z - 2*c = 0. What are the prime factors of z?
2
Let r be (27/(-12))/(3/16). Let y be 69/r - 9/(-12). Let z = 7 + y. List the prime factors of z.
2
Suppose 0 = -2*z - 5*x + 4, 2*z - 1 = x + 3. Suppose -z*u + 3*u = 14. List the prime factors of u.
2, 7
Suppose -g - 4 = 11. Let i = -10 - g. Suppose c - 25 = -5*u, 2*u + u + 41 = i*c. List the prime factors of c.
2, 5
List the prime factors of 2 + (-5)/((-15)/93).
3, 11
Let f = 10 - -2. Let z be (-31 - 1)/(-13 - -12). List the prime factors of z/f*6*1.
2
Let o(n) be the third derivative of n**6/120 - 7*n**5/60 + 5*n**4/24 + 2*n**3/3 + 2*n**2. Let q be o(6). What are the prime factors of (1 - (-27)/(-6))*q?
7
Let j be -9*(-5)/(30/(-14)). Let o = j + 46. List the prime factors of o.
5
Let r be (-1)/1 + 0 + 0. What are the prime factors of (r*1)/(4/(-96))?
2, 3
Let m = -1 - 5. Let a be m/15 - (-3)/(-5). List the prime factors of -16*((-1)/(-2) + a).
2
Let m be 1/1*-8*-1. Suppose m*w - 12*w = -160. What are the prime factors of w?
2, 5
Let h = -23 + 25. Suppose -h*n - 24 = -3*n - 4*d, -n = 5*d - 19. List the prime factors of n.
2, 11
Suppose 0 - 2 = g. Let r(b) = -5*b**2 - 5*b + 10. Let m be r(-5). List the prime factors of ((-4)/(-12))/(g/m).
3, 5
Suppose -2*g = 3*g - 135. What are the prime factors of g?
3
What are the prime factors of 4881/39 + (-14)/91?
5
What are the prime factors of 4/(-6)*-3 + 67?
3, 23
List the prime factors of 1 + (-175)/(-7 - -2).
2, 3
Suppose 0 = 6*t - 158 - 58. List the prime factors of t.
2, 3
Suppose -2*l = -0*c - c + 18, 2*c - 2*l = 26. List the prime factors of c.
2
Suppose -2*k = -4*l - 8, -4*k + 3*l = -20 - 6. Suppose -3 = -f - 7, 3*f = -2*w - k. Let t(h) = 3*h**2 - h - 1. List the prime factors of t(w).
3
Let m = -37 - -54. Suppose k + 0*k = m. List the prime factors of k.
17
Let o(k) = k**3 + 5*k**2 + 4*k + 3. Let n be o(-4). Suppose n + 1 = -4*s. Let w = s + 8. What are the prime factors of w?
7
Suppose v + 0*v = 2*p - 12, 4*p + v - 18 = 0. Suppose -p*f + 15 = -15. List the prime factors of (-40)/f*(-3)/2.
2, 5
Suppose 9*c = 4*c. Suppose c = -s + 11 + 9. Suppose -3*h - 2*h = -s. List the prime factors of h.
2
Let a(q) = q**2 + q + 2. Let g be a(-2). Suppose -s = -3*u - 27 - g, -3*s - u = -53. List the prime factors of s.
19
Let j be ((-21)/(-18))/(3/18). Suppose 3*u = 2*u + j. What are the prime factors of u?
7
Let l(p) = -p**2 - 8*p - 5. Let d be l(-6). Let g = d + -5. List the prime factors of g/(-3) - (-105)/9.
11
Let d be (-432)/(-15) + 1/5. Suppose -28 - d = -w. List the prime factors of w.
3, 19
Let w(u) = 4*u**2 + u - 4. List the prime factors of w(3).
5, 7
Let i(f) = -f**3 - 8*f**2 + 5*f - 11. Suppose 3*s = 4*l + 36, 4*l + 4*s + 28 = -8. List the prime factors of i(l).
5
Let o = 66 + -8. What are the prime factors of o?
2, 29
Let u = 11 + -8. Let c(n) = 3*n**2 + n + 2. List the prime factors of c(u).
2
Let w(u) = 2*u - 7. Let c = -1 + 8. Let f be w(c). Let m(z) = z**2 - 4*z - 6. What are the prime factors of m(f)?
3, 5
Let g = 2 + -2. Suppose -3*j - 5*s + 33 = g, 5*j = -0*s + 3*s + 21. What are the prime factors of j?
2, 3
Suppose -3*v + 3 = -3*p, 2*p + 4 = v - 2*p. Suppose v = -3*r - r + 12. What are the prime factors of r?
3
Suppose -4*u + 7*u - 4*k - 242 = 0, 0 = -4*u + 4*k + 328. List the prime factors of u.
2, 43
Let a(w) = 5*w**2 - w**2 + 1 - w**2. Let n be a(1). Suppose -o = -n*i + 32, 7 + 7 = 2*i - o. What are the prime factors of i?
3
Suppose -2*b = -5*u - 40 - 9, 2*u + 101 = 3*b. Let v = 64 - b. What are the prime factors of v?
3
Suppose -8 = 4*k - 56. List the prime factors of (4/k)/((-1)/(-159)).
53
Let i(h) be the second derivative of -h**3/3 - 11*h**2/2 - 2*h. Let u = 5 + -15. What are the prime factors of i(u)?
3
Suppose 0 = 5*y + 2*l - 1142, 619 = 5*y + 3*l - 519. List the prime factors of y.
2, 5, 23
Let b(i) = i**3 + 9*i**2 - 10*i. What are the prime factors of b(-9)?
2, 3, 5
Let d(y) = -y**3 - 7*y**2 + y + 10. Let s be d(-7). Suppose 0*z = -5*z + 80. List the prime factors of (3/2)/(s/z).
2
Let m(j) = j**3 - 3*j**2 + j. Let p be m(3). Suppose p*c = 5*c - 24. What are the prime factors of c?
2, 3
Let a = -35 - -25. Let t = a + 16. Suppose t*n = 3*n + 9. What are the prime factors of n?
3
Suppose 5*o - 156 = 49. List the prime factors of o.
41
Suppose 0 = -4*q - 6 + 18. Suppose 4*r - 16 = 2*r + a, 0 = -r - 2*a + q. What are the prime factors of 1/(-14)*-4*r?
2
Let d(u) be the first derivative of 5/3*u**3 + 2*u + 1 - 1/4*u**4 - 5/2*u**2. List the prime factors of d(3).
5
Let q(w) = w**2 + 3*w - 5. List the prime factors of q(4).
23
Let n(t) = t**2 - 2*t + 11. List the prime factors of n(-8).
7, 13
Let g be 4*17*(-6)/(-8). Suppose -21 - g = -3*y. What are the prime factors of y?
2, 3
Let p(a) = a**3 + 9*a**2 - 14*a - 6. List the prime factors of p(-10).
2, 17
Let c be 24*(-2 - 15/(-12)). Let q = -13 - c. List the prime factors of 4/(40/6)*q.
3
Suppose -d + 3 = -u, -4*u - 6 = 3*d + 6. Suppose d = 7*q - 2*q - 45. What are the prime factors of q?
3
Let a = 96 - -39. Let b be ((-10)/(-3))/(18/a). Suppose 5*m = -0*m + b. What are the prime factors of m?
5
Let y be 273/4 - 3/(-4). Let b = y - 40. List the prime factors of b.
29
Let c = 194 - 109. Suppose -3*b - 15 = 0, 5*r = -0*b + 4*b + c. List the prime factors of r.
13
Suppose -r + 0*r = -16. List the prime factors of r.
2
List the prime factors of ((-1)/3)/((-6)/54) - -165.
2, 3, 7
Suppose -3*c - r + 821 = 0, -4*c + 1080 = 4*r + r. What are the prime factors of c?
5, 11
Suppose 0 = -w + 3*w + 12. Let p(u) = -u. Let c be p(w). List the prime factors of 48/18*c/4.
2
Let j be 8 - 11 - (1 + -35). Let n = -19 + j. List the prime factors of n.
2, 3
Suppose y = k - 5, 3*y + 0*y + 23 = -5*k. List the prime factors of (y/8)/((-5)/20).
3
Let v(o) = o**3 - o**2 + 6*o + 16. Let u(q) = q**3 - q**2 + 7*q + 17. Let r(y) = -5*u(y) + 6*v(y). Let f be r(0). Let s = f - 2. List the prime factors of s.
3
Let o(y) = y**3 + 6*y**2 + 5*y - 2. Let p be o(-5). Suppose r - 2*h = -6*h + 2, 0 = 3*r + 4*h + 10. Let u = p - r. List the prime factors of u.
2
Suppose -5*r = -3*p - 29, -2*r + 17 = -3*p - 0*r. What are the prime factors of (p + -1)*(-2)/4?
2
Let n(g) be the first derivative of -7*g**4/2 - g**3/3 + g**2/2 + g - 2. List the prime factors of n(-1).
13
Suppose 4*h - 177 = -3*m, h = m + m - 118. List the prime factors of m.
59
Suppose 865 = 5*v + 5*o, -3*o - 346 = 2*v - 4*v. What are the prime factors of v?
173
Let i(x) be the second derivative of -5*x**3/3 + x**2/2 + x. What are the prime factors of i(-5)?
3, 17
Suppose 9*w - 4*w - 130 = 0. What are the prime factors of w?
2, 13
